
True
Is 2994201593 a composite number?
True
Is 4994764613 composite?
True
Is 16277391547 a composite number?
False
Is 255348805 prime?
False
Is 128964267737 a composite number?
False
Is 289686691 a prime number?
False
Is 90593213699 prime?
True
Is 275822797 composite?
True
Is 262082021 prime?
True
Is 240967603 a prime number?
True
Is 3617454913 prime?
True
Is 36804829723 prime?
True
Is 10238161 a composite number?
True
Is 660987709 composite?
False
Is 570650209 composite?
False
Is 3350736331 a prime number?
False
Is 162449605993 composite?
False
Is 19510513553 a prime number?
False
Is 54281168543 a composite number?
True
Is 615119909 a composite number?
True
Is 107922402707 a composite number?
True
Is 29351689837 prime?
True
Is 11942575859 prime?
False
Is 4468654811 prime?
False
Is 14068475299 prime?
False
Is 67494644513 a prime number?
True
Is 878124241 prime?
True
Is 1534778747 prime?
False
Is 174901277 prime?
False
Is 1197984109 a composite number?
True
Is 867935989 composite?
True
Is 970071647 composite?
False
Is 1488329833 composite?
True
Is 37337813 composite?
False
Is 1008158551 prime?
True
Is 36015300107 a prime number?
False
Is 2429170013 a prime number?
False
Is 1720474046 a composite number?
True
Is 9844003637 a composite number?
True
Is 458699579 composite?
True
Is 1585178813 composite?
False
Is 161572013 prime?
False
Is 130482791 prime?
True
Is 73897283231 composite?
False
Is 77109182453 a prime number?
True
Is 5009513633 a composite number?
True
Is 1352318267 composite?
True
Is 19542613 prime?
True
Is 94970461 a composite number?
True
Is 330912473 composite?
True
Is 1962312393 composite?
True
Is 231198732269 prime?
False
Is 314561651 composite?
False
Is 2279013181 a composite number?
False
Is 829253687 composite?
True
Is 3034659413 composite?
False
Is 4269666697 a composite number?
True
Is 8578771853 a prime number?
True
Is 216498911 prime?
True
Is 32904700501 a prime number?
True
Is 7925479729 composite?
True
Is 95108851553 composite?
True
Is 261120791 a prime number?
False
Is 12225681319 prime?
True
Is 75569321 prime?
True
Is 17027331751 composite?
True
Is 13507215695 prime?
False
Is 2440938218 a prime number?
False
Is 12541914563 a prime number?
True
Is 2472949173 prime?
False
Is 153994921 composite?
False
Is 1703373998 composite?
True
Is 38086751909 a composite number?
False
Is 250555967 a composite number?
True
Is 32526042551 prime?
False
Is 23761087793 composite?
True
Is 1005754027 composite?
True
Is 732535147 a prime number?
True
Is 18615145469 a composite number?
True
Is 15399618137 composite?
False
Is 12714807103 a composite number?
True
Is 2327576377 a prime number?
False
Is 2421566989 a composite number?
True
Is 10419288991 prime?
True
Is 1549020299 a composite number?
False
Is 2452942087 prime?
False
Is 53440250027 a composite number?
False
Is 1154005273 a prime number?
True
Is 185799664439 a composite number?
True
Is 25363466503 a composite number?
True
Is 269169641 prime?
False
Is 22209723895 composite?
True
Is 710906723 composite?
True
Is 9573571237 composite?
False
Is 152604799 composite?
False
Is 1316138753 composite?
False
Is 66155559419 prime?
True
Is 264103013 composite?
True
Is 1960930771 a composite number?
False
Is 3020675389 prime?
True
Is 15175147399 a prime number?
False
Is 18358711933 composite?
True
Is 64222997489 a prime number?
False
Is 8031274291 composite?
False
Is 22343288603 prime?
True
Is 5752387747 prime?
True
Is 895589399 composite?
False
Is 1224928291 prime?
False
Is 38845811 prime?
True
Is 596491031 composite?
False
Is 58581277 a prime number?
False
Is 119294719 composite?
True
Is 2757982489 composite?
True
Is 193030510559 prime?
True
Is 11421030917 prime?
True
Is 334233643 a prime number?
False
Is 1984737613 prime?
True
Is 8378141627 a composite number?
True
Is 15171936803 composite?
False
Is 2725902811 prime?
False
Is 8263433 composite?
False
Is 2131054603 a prime number?
True
Is 24510483979 a composite number?
True
Is 2547828799 a composite number?
True
Is 589339313 prime?
False
Is 14798521519 a composite number?
False
Is 2887206557 a prime number?
True
Is 768466201 composite?
True
Is 5572408619 prime?
False
Is 1441289419 composite?
False
Is 372809617 a composite number?
False
Is 3229199093 a composite number?
True
Is 831026059 composite?
True
Is 75390912929 prime?
True
Is 122500309 a prime number?
False
Is 6060823403 a prime number?
False
Is 825931751 a prime number?
False
Is 200083114349 a prime number?
True
Is 25118378767 a composite number?
False
Is 3257249965 composite?
True
Is 6892209089 a prime number?
False
Is 1854281069 composite?
True
Is 194720955809 a composite number?
True
Is 8429409809 a prime number?
True
Is 10041987353 prime?
False
Is 69711899 prime?
True
Is 7534749965 prime?
False
Is 21536759701 prime?
False
Is 1443508333 composite?
False
Is 320337228929 a composite number?
True
Is 36348053593 prime?
False
Is 1341567341 prime?
False
Is 1293950183 a composite number?
False
Is 6646035293 a composite number?
True
Is 1588551499 composite?
True
Is 432896881 a composite number?
False
Is 149543027 composite?
False
Is 61699905929 prime?
False
Is 1135704269 composite?
True
Is 61846273415 prime?
False
Is 229406663 a composite number?
True
Is 19830133049 a prime number?
True
Is 24645373 a prime number?
True
Is 35320876477 a composite number?
False
Is 258054235 a composite number?
True
Is 21568045981 composite?
False
Is 4823031295 composite?
True
Is 900625853 prime?
False
Is 2158984211 a prime number?
True
Is 91456523099 a prime number?
False
Is 226635089999 a composite number?
True
Is 249670161107 a composite number?
True
Is 201818357501 prime?
True
Is 52330961 composite?
False
Is 673826591 a prime number?
True
Is 3391891511 a prime number?
True
Is 1054291585 a prime number?
False
Is 67205187227 composite?
False
Is 3091208219 prime?
False
Is 8625565183 a prime number?
True
Is 1165888709 prime?
True
Is 232118233045 a prime number?
False
Is 7833543077 a prime number?
True
Is 501478879 a prime number?
False
Is 1176774371 a composite number?
False
Is 1519822001 a prime number?
False
Is 2510382461 prime?
True
Is 1564505323 a prime number?
False
Is 222483619 prime?
True
Is 43371356813 prime?
True
Is 2058810097 composite?
False
Is 20182796563 a composite number?
True
Is 1269665183 composite?
False
Is 125370922706 prime?
False
Is 59850870883 composite?
True
Is 37974868849 composite?
False
Is 3861893129 prime?
True
Is 1404208513 composite?
False
Is 829209653 a prime number?
True
Is 7107462437 a prime number?
True
Is 5035317269 composite?
True
Is 637135621 composite?
True
Is 37524199 a prime number?
False
Is 35658319627 prime?
False
Is 2415466861 prime?
False
Is 9326831797 composite?
False
Is 596293939 composite?
False
Is 5841980531 a prime number?
True
Is 139863877 a prime number?
True
Is 5154006421 a prime number?
True
Is 514300363 prime?
True
Is 870528251 a composite number?
False
Is 21777943237 prime?
True
Is 4433566717 prime?
True
Is 66853559 prime?
False
Is 475390099 a composite number?
False
Is 523298527 a composite number?
False
Is 8473641049 a composite number?
True
Is 11880398393 a composite number?
True
Is 275170771 prime?
False
Is 2410252337 prime?
True
Is 109146285959 prime?
False
Is 13984667467 composite?
True
Is 225499765 a prime number?
False
Is 2827200143 composite?
False
Is 97597848811 prime?
True
Is 1312719217 composite?
True
Is 55217354 a composite number?
True
Is 8030281027 prime?
False
Is 3606485039 prime?
True
Is 105206188223 composite?
False
Is 1134026921 a composite number?
False
Is 56711313082 a composite number?
True
Is 15662239477 a composite number?
True
Is 838967983 composite?
True
Is 195347069 composite?
True
Is 23636056193 composite?
False
Is 888014201 composite?
False
Is 268639717 a prime number?
False
Is 217725481 prime?
False
Is 288544733 a composite number?
True
Is 238607068129 prime?
True
Is 14236670047 a prime number?
True
Is 33786153929 a prime number?
False
Is 3080913739 a prime number?
True
Is 107755489 composite?
False
Is 79091554319 a prime number?
False
Is 1576758581 composite?
False
Is 240451463 a prime number?
False
Is 2532473491 a prime number?
True
Is 16484087 a prime number?
False
Is 3591833717 a prime number?
True
Is 2648132783 a prime nu